{"id":616,"date":"2009-10-24T12:36:57","date_gmt":"2009-10-24T17:36:57","guid":{"rendered":"http:\/\/www.mesfinancesperso.com\/blog\/?page_id=616"},"modified":"2019-07-28T05:07:33","modified_gmt":"2019-07-28T10:07:33","slug":"articles-les-plus-populaires","status":"publish","type":"page","link":"https:\/\/www.mesfinancesperso.com\/blog\/articles-les-plus-populaires\/","title":{"rendered":"Top 10 &#8211; Meilleurs Articles"},"content":{"rendered":"<p>Si vous ne savez pas par o\u00f9 commencer, cette page est pour vous! Au menu : une compilation des meilleurs articles sur les finances personnelles, le succ\u00e8s, la motivation et +!<!--more--><\/p>\n<p>Comment r\u00e9sumer Mes Finances Perso en 10 articles ? Il faut couper et aller \u00e0 l&rsquo;essentiel, mais surtout, il faut regarder en termes de ce qui a le plus aid\u00e9 de gens : \u00e7a c&rsquo;est un bon d\u00e9but :).<\/p>\n<p>Voici ma s\u00e9lection personnelle de mes\u00a010 des articles pr\u00e9f\u00e9r\u00e9s qui sont parus sur ce blogue, bas\u00e9e sur diff\u00e9rents facteurs : nombre de commentaires, nombre de vues, l&rsquo;impact que l&rsquo;article a eu sur les gens et plus.<\/p>\n<p>Bonne lecture !<\/p>\n<h2>Top 10 \u00ab\u00a0Mes articles pr\u00e9f\u00e9r\u00e9s\u00a0\u00bb de\u00a0Mes Finances Perso :<\/h2>\n<ol>\n<li><a class=\"post-2325\" title=\"Au-del\u00e0 de l'argent\" href=\"http:\/\/www.mesfinancesperso.com\/blog\/au-dela-de-l-argent\/\" rel=\"bookmark\">Au-del\u00e0 de l\u2019argent<\/a><\/li>\n<li><a title=\"Motivation au Travail : Le Guide Complet\" href=\"http:\/\/www.mesfinancesperso.com\/blog\/motivation-au-travail\/\">Motivation au Travail : Le Guide Complet<\/a><\/li>\n<li><a class=\"post-1304\" title=\"Voici le secret qu'il vous manquait pour devenir riche\" href=\"http:\/\/www.mesfinancesperso.com\/blog\/secret-pour-devenir-riche\/\" rel=\"bookmark\">Voici le secret qu\u2019il vous manquait pour devenir riche<\/a><\/li>\n<li><a class=\"post-3202\" title=\"Voir le positif dans le n\u00e9gatif\" href=\"http:\/\/www.mesfinancesperso.com\/blog\/positif-negatif\/\" rel=\"bookmark\">Voir le positif dans le n\u00e9gatif<\/a><\/li>\n<li><a class=\"post-3064\" title=\"Comment accomplir l'impossible\" href=\"http:\/\/www.mesfinancesperso.com\/blog\/comment-accomplir-impossible\/\" rel=\"bookmark\">Comment accomplir l\u2019impossible<\/a><\/li>\n<li><a class=\"post-2585\" title=\"5 ans de Mes Finances Perso (Partie 1)\" href=\"http:\/\/www.mesfinancesperso.com\/blog\/5-ans\/\" rel=\"bookmark\">5 ans de Mes Finances Perso (Partie 1)<\/a><br \/>\n<a class=\"post-2707\" title=\"5 ans de Mes Finances Perso (Partie 2)\" href=\"http:\/\/www.mesfinancesperso.com\/blog\/5-ans-partie-2\/\" rel=\"bookmark\">5 ans de Mes Finances Perso (Partie 2)<\/a><br \/>\n<a class=\"post-2768\" title=\"5 ans de Mes Finances Perso (Partie 3)\" href=\"http:\/\/www.mesfinancesperso.com\/blog\/5-ans-partie-3\/\" rel=\"bookmark\">5 ans de Mes Finances Perso (Partie 3)<\/a><br \/>\n<a class=\"post-2808\" title=\"5 ans de Mes Finances Perso (Partie 4)\" href=\"http:\/\/www.mesfinancesperso.com\/blog\/5-ans-partie-4\/\" rel=\"bookmark\">5 ans de Mes Finances Perso (Partie 4)<\/a><br \/>\n<a class=\"post-2835\" title=\"5 ans de Mes Finances Perso (Partie 5)\" href=\"http:\/\/www.mesfinancesperso.com\/blog\/5-ans-partie-5\/\" rel=\"bookmark\">5 ans de Mes Finances Perso (Partie 5)<\/a><\/li>\n<li><a href=\"http:\/\/www.mesfinancesperso.com\/blog\/comment-gerer-son-argent\/\">Comment G\u00e9rer son Argent de Mani\u00e8re Productive<\/a><\/li>\n<li><a href=\"http:\/\/www.mesfinancesperso.com\/blog\/planifier-sa-retraite\/\">Planifier sa retraite en 5 minutes<\/a><\/li>\n<li><a href=\"https:\/\/www.mesfinancesperso.com\/blog\/l-arme-secrete-pour-moins-depenser\/\">L&rsquo;arme secr\u00e8te pour moins d\u00e9penser&#8230; Sans se priver!<\/a><\/li>\n<li><a href=\"https:\/\/www.mesfinancesperso.com\/blog\/meilleur-truc-antiprocrastination\/\">Mon meilleur truc antiprocrastination!<\/a><\/li>\n<\/ol>\n<h2>Encore plus de suggestions d&rsquo;articles \u00e0 lire?<\/h2>\n<p>Consultez l&rsquo;<a title=\"Consulter tous les articles du site\" href=\"http:\/\/www.mesfinancesperso.com\/blog\/archives\/\">archive du site en cliquant ici<\/a>.<\/p>\n","protected":false},"excerpt":{"rendered":"<p>Si vous ne savez pas par o\u00f9 commencer, cette page est pour vous! Au menu : une compilation des meilleurs articles sur les finances personnelles, le succ\u00e8s, la motivation et +!<\/p>\n","protected":false},"author":1,"featured_media":0,"parent":0,"menu_order":1,"comment_status":"open","ping_status":"closed","template":"","meta":{"footnotes":""},"class_list":["post-616","page","type-page","status-publish","hentry"],"aioseo_notices":[],"_links":{"self":[{"href":"https:\/\/www.mesfinancesperso.com\/blog\/wp-json\/wp\/v2\/pages\/616","targetHints":{"allow":["GET"]}}],"collection":[{"href":"https:\/\/www.mesfinancesperso.com\/blog\/wp-json\/wp\/v2\/pages"}],"about":[{"href":"https:\/\/www.mesfinancesperso.com\/blog\/wp-json\/wp\/v2\/types\/page"}],"author":[{"embeddable":true,"href":"https:\/\/www.mesfinancesperso.com\/blog\/wp-json\/wp\/v2\/users\/1"}],"replies":[{"embeddable":true,"href":"https:\/\/www.mesfinancesperso.com\/blog\/wp-json\/wp\/v2\/comments?post=616"}],"version-history":[{"count":0,"href":"https:\/\/www.mesfinancesperso.com\/blog\/wp-json\/wp\/v2\/pages\/616\/revisions"}],"wp:attachment":[{"href":"https:\/\/www.mesfinancesperso.com\/blog\/wp-json\/wp\/v2\/media?parent=616"}],"curies":[{"name":"wp","href":"https:\/\/api.w.org\/{rel}","templated":true}]}}